9*z**2 - 34*z + 349. Determine c(-42).
13
Let t(w) = 275*w**2 - 1381*w + 39. What is t(5)?
9
Let v(h) = 119*h**2 - h. Calculate v(1).
118
Let m(f) = -235*f + 234. Calculate m(1).
-1
Let l(h) = 30*h - 543. Calculate l(15).
-93
Let i(a) = -624*a + 3094. Calculate i(5).
-26
Let d(p) = p**2 + 31*p + 201. Calculate d(-9).
3
Let q(b) = 7*b**2 + 100*b + 32. Calculate q(-14).
4
Let k(q) = 4656*q + 27931. What is k(-6)?
-5
Let y(r) = 2*r**3 - 14*r**2 - 6. What is y(7)?
-6
Let f(y) = -9*y**2 - y - 7. Give f(0).
-7
Let g(a) = -a**2 + 13*a - 732. What is g(0)?
-732
Let p(v) = -9*v + 59. Calculate p(13).
-58
Let t(w) = -4*w**3 + 130*w**2 + 63*w + 77. Determine t(33).
-22
Let i(t) = 100*t + 2406. Calculate i(-24).
6
Let o(g) = -g**3 + 64*g**2 - 960*g + 56. Determine o(40).
56
Let i(y) = 22*y**2 + 277*y - 800. Determine i(-15).
-5
Let v(y) = -y**3 - 21*y**2 - 28*y - 223. What is v(-20)?
-63
Let s(g) = 346*g - 1376. Give s(4).
8
Let o(g) = -6*g**3 + 85*g**2 - 6*g - 101. Calculate o(14).
11
Let p(i) = 521*i - 36991. What is p(71)?
0
Let c(g) = -g - 82. Determine c(-92).
10
Let u(t) = 26*t + 457. Give u(-18).
-11
Let s(x) = x**3 - 18*x**2 - 26*x + 22. Calculate s(-3).
-89
Let i(t) = -14*t**2 - 1201*t - 925. Calculate i(-85).
10
Let y(j) = j**2 + 47*j - 483. Give y(13).
297
Let s(g) = 4*g**3 - 345*g**2 + 87*g - 82. What is s(86)?
4
Let k(j) = -j**3 + 4*j**2 + 321*j + 910. Calculate k(-3).
10
Let y(s) = -s**3 - 6*s**2 + 227*s - 23. Give y(12).
109
Let o(a) = 26481*a - 317768. Give o(12).
4
Let p(m) = 2*m**2 - 20*m + 80. Determine p(5).
30
Let d(k) = -347*k - 3813. Calculate d(-11).
4
Let o(l) = l**2 - 31*l + 239. Determine o(13).
5
Let m(c) = -3*c**3 + 29*c**2 + 29*c + 11. Calculate m(11).
-154
Let i(j) = j**3 + 32*j**2 + 59*j + 19. Determine i(-30).
49
Let z(c) = -141*c + 1974. Determine z(15).
-141
Let l(v) = 3*v**2 + 331*v - 345. Determine l(-112).
215
Let x(d) = d**3 - 103*d**2 - 111*d + 719. What is x(104)?
-9
Let a(v) = 5*v**3 - 225*v**2 + 218*v + 72. Calculate a(44).
-16
Let f(l) = 11*l - 165. What is f(17)?
22
Let q(i) = -i**3 - 42*i**2 + 13*i + 309. Calculate q(-42).
-237
Let z(t) = -t**3 + 38*t**2 + 95*t + 88. What is z(40)?
688
Let a(l) = 7*l**2 + 3*l + 43. Determine a(-4).
143
Let z(g) = 6386*g + 6400. Determine z(-1).
14
Let w(i) = 2*i**2 - 40*i + 219. What is w(8)?
27
Let i(l) = 19*l - 627. Calculate i(38).
95
Let v(k) = -191*k + 946. Determine v(8).
-582
Let r(v) = -v**2 + 30*v + 98. What is r(-5)?
-77
Let c(t) = 2*t**2 - 938*t + 8295. Calculate c(9).
15
Let q(z) = z**3 - 31*z**2 - 4*z + 45. What is q(31)?
-79
Let s(n) = -5*n**2 - 46*n - 72. Give s(-5).
33
Let v(o) = -2*o**2 - 44*o + 653. What is v(10)?
13
Let v(u) = -1196*u - 5965. Determine v(-5).
15
Let x(z) = -4*z**3 - 13*z**2 + z + 12. Calculate x(-4).
56
Let j(p) = -p**3 - 24*p**2 - 66*p - 15. Give j(-22).
469
Let n(l) = 4*l + 89. Calculate n(0).
89
Let c(l) = l**3 - 96*l**2 + 2112*l - 242. Calculate c(62).
6
Let y(n) = -10*n + 14. Calculate y(2).
-6
Let h(p) = -3*p**2 + 57*p - 36. Give h(17).
66
Let g(u) = 13*u - 909. Give g(67).
-38
Let y(x) = -7*x**3 - 184*x**2 - 48*x + 48. Give y(-26).
-56
Let b(n) = 2*n**2 + 97*n - 1542. What is b(-61)?
-17
Let x(p) = -2*p**3 - 23*p**2 + 19*p - 4. Give x(-12).
-88
Let l(x) = x**3 - 39*x**2 - 26*x + 963. Determine l(39).
-51
Let r(u) = u**3 + 23*u**2 - 50*u - 55. Determine r(-25).
-55
Let g(k) = k**3 + 20*k**2 + 32*k - 740. Calculate g(-11).
-3
Let h(a) = 21*a**3 - a**2 + 17*a - 21. Give h(2).
177
Let y(x) = 11*x**2 - x - 5. Give y(-1).
7
Let i(v) = -v**3 - 32*v**2 - 31*v + 26. What is i(-31)?
26
Let y(u) = 79*u**2 + 2*u + 2. What is y(2)?
322
Let l(v) = -9*v + 18. Give l(5).
-27
Let v(l) = -7*l - 601. What is v(-84)?
-13
Let x(w) = -w**2 - 41*w + 356. Give x(12).
-280
Let g(x) = x**2 - 10*x - 118. Give g(17).
1
Let d(b) = -b**2 - 781*b - 6202. Determine d(-8).
-18
Let r(z) = -111*z + 1788. What is r(16)?
12
Let i(m) = -m**2 - 16*m - 16. Give i(-1).
-1
Let v(m) = m**3 - 8*m**2 - 17*m + 2. Give v(8).
-134
Let q(n) = -2*n**3 - 13*n**2 + 29*n + 35. Calculate q(-9).
179
Let s(q) = 4*q**3 - 7*q**2 + 15*q - 25. What is s(4)?
179
Let a(l) = l**2 - 22*l - 42. Determine a(24).
6
Let i(y) = 16*y + 241. Calculate i(-17).
-31
Let f(b) = -b - 14. Determine f(-38).
24
Let i(p) = p**3 - 39*p**2 + 90*p - 510. What is i(37)?
82
Let x(k) = -k**2 - 36*k + 95. Calculate x(-40).
-65
Let j(t) = 652*t - 16305. Give j(25).
-5
Let u(f) = 85*f + 3325. Give u(-39).
10
Let m(b) = b**3 - 24*b**2 + 10*b - 35. Calculate m(24).
205
Let i(o) = 29*o + 39. What is i(0)?
39
Let q(z) = 3*z**3 - 2*z**2 - 20*z + 123. Calculate q(6).
579
Let o(t) = -33*t**3 - 3*t**2 - 9*t - 1. Determine o(-2).
269
Let q(k) = -6*k**3 - 3*k**2 + 57*k - 53. Give q(1).
-5
Let l(b) = 170*b**3 - b**2 - 5*b + 5. Determine l(1).
169
Let c(h) = 798*h + 9569. Calculate c(-12).
-7
Let i(o) = 36*o - 1365. Give i(44).
219
Let n(q) = 3*q**3 - 46*q**2 - 38*q + 102. What is n(16)?
6
Let d(c) = 46*c**2 + 5705*c + 134. Determine d(-124).
10
Let b(c) = -3*c**2 - 378*c - 8034. Calculate b(-99).
-15
Let f(o) = -o**3 - 7*o**2 - 5*o - 65. Give f(-7).
-30
Let v(p) = -145*p**2 + 45*p + 44. Determine v(-1).
-146
Let v(p) = p**2 - 75*p + 1420. Calculate v(40).
20
Let i(n) = -168*n**3 + 5*n**2 + 9*n + 3. Determine i(-1).
167
Let d(t) = 50*t + 64. What is d(-4)?
-136
Let i(h) = -2*h**2 - 67*h - 59. Give i(-35).
-164
Let x(t) = t**2 - 15128*t + 105841. Give x(7).
-6
Let o(k) = k**3 + 50*k**2 - 23*k - 1510. Give o(-50).
-360
Let q(g) = -g**3 - 63*g**2 + 164*g + 2203. Determine q(-65).
-7
Let a(p) = p**3 + 77*p**2 + 72*p - 260. Determine a(-76).
44
Let s(p) = -p**3 - 6*p**2 + 17*p - 65. What is s(6)?
-395
Let q(x) = x**3 - 22*x**2 - 32*x + 65. Give q(23).
-142
Let a(k) = 304*k - 157. Give a(2).
451
Let p(c) = 18*c**2 - 9*c + 21. What is p(2)?
75
Let w(k) = 415*k - 1258. What is w(3)?
-13
Let z(k) = -k**3 - 20*k**2 - 26*k + 847. Determine z(-12).
7
Let j(d) = 59*d**3 + 2*d**2 + 1. Determine j(-1).
-56
Let t(i) = 29*i + 960. Determine t(-36).
-84
Let m(g) = g**3 + 22*g**2 - 72*g + 73. Determine m(-25).
-2
Let t(b) = b**3 - 55*b**2 + 58*b - 206. What is t(54)?
10
Let p(v) = 776*v - 12391. What is p(16)?
25
Let w(g) = -209*g**2 - 180*g - 179. Give w(-1).
-208
Let u(d) = -d**2 + 43*d - 88. Calculate u(39).
68
Let g(x) = 5*x**3 - 3*x**2 - 181*x + 368. Determine g(2).
34
Let p(q) = -1141*q + 1173. What is p(1)?
32
Let r(m) = m**2 - 125*m - 22506. What is r(225)?
-6
Let d(h) = -694*h - 6938. What is d(-10)?
2
Let v(n) = -2*n**2 - 1969*n + 7904. Give v(4).
-4
Let z(n) = n**3 - 2*n**2 + 13*n - 43. Determine z(3).
5
Let t(d) = -d**3 - 8*d**2 + 52*d - 5. Calculate t(-12).
-53
Let l(b) = 4*b**3 - 255*b**2 - 596*b + 111. Give l(66).
-21
Let k(c) = c**3 + 34*c**2 - 183*c - 69. Determine k(-39).
-537
Let q(x) = -x**3 + 13*x**2 + 33*x - 21. Calculate q(15).
24
Let y(s) = 8*s**3 + 45*s**2 + 33*s + 42. Calculate y(-5).
2
Let x(i) = -i**3 - 4*i**2 + 42*i - 182. What is x(-10)?
-2
Let z(p) = 30*p - 1298. Give z(43).
-8
Let s(x) = -x**3 + 7*x**2 + 68*x - 52. Determine s(12).
44
Let c(i) = -986*i + 1980. What is c(2)?
8
Let w(c) = 2*c**2 + 304*c + 2036. Determine w(-7).
6
Let x(c) = c**3 - 30*c**2 + 30*c - 33. Calculate x(29).
-4
Let t(x) = -8*x**3 - 5*x**2 - 3*x + 5. Give t(1).
-11
Let f(s) = s**3 + 7*s**2 - 4*s + 9. What is f(-8)?
-23
Let l(q) = -q**3 + 2*q**2 + 37*q + 62. Determine l(-4).
10
Let y(t) = t**3 + 119*t**2 - 46*t - 5468. What is y(-119)?
6
Let f(t) = -38*t - 773. Give f(-20).
-13
Let q(j) = j**3 - 240*j**2 + 474*j + 467. Determine q(238).
-9
Let q(g) = 72*g**2 + 17*g + 16. Determine q(-1).
71
Let x(m) = -1991*m + 3982. Calculate x(2).
0
Let u(f) = -f**3 - 59*f**2 - 51*f - 278. Calculate u(-58).
-684
Let o(r) = r**2 - 4*r + 185. Give o(0).
185
Let u(x) = -19*x**2 - 308*x + 257. Give u(-17).
2
Let i(j) = -j**2 - 133*j + 159. Determine i(-134).
25
Let j(q) = -q**2 - 65*q - 520. What is j(-55)?
30
Let r(a) = 4*a**3 + 54*a**2 - 1888*a + 12. Give r(16).
12
Let r(l) = -14*l**2 + 62*l - 1. Give r(4).
23
Let i(h) = 483*h + 2851. Determine i(-6).
-47
Let f(s) = 20*s**2 - 31*s + 82. Calculate f(3).
169
Let o(r) = -69*r + 239. What is o(3)?
32
Let i(p) = -p**3 - 2*p**2 + 29*p - 38. Give i(-7).
4
Let a(n) = -2*n**3 - 205*n**2 - 1068*n - 127. Determine a(-97)